e factors of 17883?
3, 1987
List the prime factors of 17310.
2, 3, 5, 577
What are the prime factors of 24983?
7, 43, 83
List the prime factors of 8746.
2, 4373
List the prime factors of 1021.
1021
List the prime factors of 1321.
1321
List the prime factors of 1099.
7, 157
List the prime factors of 822.
2, 3, 137
List the prime factors of 4253.
4253
List the prime factors of 661.
661
List the prime factors of 5477.
5477
List the prime factors of 11357.
41, 277
List the prime factors of 1188.
2, 3, 11
List the prime factors of 85089.
3, 113, 251
List the prime factors of 80185.
5, 7, 29, 79
What are the prime factors of 1699?
1699
What are the prime factors of 1113?
3, 7, 53
What are the prime factors of 248?
2, 31
List the prime factors of 748.
2, 11, 17
List the prime factors of 15514.
2, 7757
What are the prime factors of 17247?
3, 5749
List the prime factors of 2764.
2, 691
List the prime factors of 421.
421
What are the prime factors of 86?
2, 43
What are the prime factors of 4426?
2, 2213
List the prime factors of 1955.
5, 17, 23
List the prime factors of 96936.
2, 3, 7, 577
What are the prime factors of 379?
379
List the prime factors of 1741.
1741
List the prime factors of 12828.
2, 3, 1069
List the prime factors of 600.
2, 3, 5
What are the prime factors of 10412?
2, 19, 137
What are the prime factors of 11133?
3, 1237
List the prime factors of 52.
2, 13
List the prime factors of 12707.
97, 131
What are the prime factors of 3404?
2, 23, 37
List the prime factors of 154.
2, 7, 11
List the prime factors of 602.
2, 7, 43
What are the prime factors of 12821?
12821
What are the prime factors of 10230?
2, 3, 5, 11, 31
What are the prime factors of 78840?
2, 3, 5, 73
List the prime factors of 1329.
3, 443
What are the prime factors of 20411?
20411
What are the prime factors of 63078?
2, 3, 10513
What are the prime factors of 60521?
60521
List the prime factors of 14614.
2, 7307
What are the prime factors of 767?
13, 59
List the prime factors of 38184.
2, 3, 37, 43
What are the prime factors of 813?
3, 271
List the prime factors of 22602.
2, 3, 3767
What are the prime factors of 1192?
2, 149
List the prime factors of 15790.
2, 5, 1579
List the prime factors of 149386.
2, 113, 661
List the prime factors of 2273.
2273
What are the prime factors of 4982?
2, 47, 53
What are the prime factors of 957?
3, 11, 29
What are the prime factors of 1212?
2, 3, 101
What are the prime factors of 1692?
2, 3, 47
List the prime factors of 5473.
13, 421
List the prime factors of 61403.
61403
List the prime factors of 3749.
23, 163
List the prime factors of 36487.
11, 31, 107
What are the prime factors of 81?
3
What are the prime factors of 6580?
2, 5, 7, 47
List the prime factors of 11007.
3, 1223
What are the prime factors of 88272?
2, 3, 613
List the prime factors of 1610.
2, 5, 7, 23
What are the prime factors of 415?
5, 83
List the prime factors of 19928.
2, 47, 53
What are the prime factors of 31324?
2, 41, 191
What are the prime factors of 11519?
11519
What are the prime factors of 296?
2, 37
List the prime factors of 1572.
2, 3, 131
What are the prime factors of 11869?
11, 13, 83
What are the prime factors of 7060?
2, 5, 353
What are the prime factors of 2390?
2, 5, 239
What are the prime factors of 705?
3, 5, 47
List the prime factors of 60289.
60289
List the prime factors of 14760.
2, 3, 5, 41
What are the prime factors of 121715?
5, 11, 2213
What are the prime factors of 1222?
2, 13, 47
What are the prime factors of 2219?
7, 317
List the prime factors of 53190.
2, 3, 5, 197
List the prime factors of 21682.
2, 37, 293
List the prime factors of 8292.
2, 3, 691
What are the prime factors of 1388?
2, 347
List the prime factors of 12119.
12119
List the prime factors of 261.
3, 29
List the prime factors of 84235.
5, 17, 991
What are the prime factors of 197?
197
What are the prime factors of 114258?
2, 3, 137, 139
What are the prime factors of 7737?
3, 2579
List the prime factors of 23383.
67, 349
List the prime factors of 75130.
2, 5, 11, 683
List the prime factors of 1493.
1493
What are the prime factors of 50711?
17, 19, 157
What are the prime factors of 6350?
2, 5, 127
What are the prime factors of 7989?
3, 2663
List the prime factors of 147592.
2, 19, 971
What are the prime factors of 24115?
5, 7, 13, 53
What are the prime factors of 8444?
2, 2111
What are the prime factors of 6183?
3, 229
List the prime factors of 15951.
3, 13, 409
List the prime factors of 156.
2, 3, 13
List the prime factors of 4519.
4519
List the prime factors of 1139.
17, 67
What are the prime factors of 288?
2, 3
List the prime factors of 1155.
3, 5, 7, 11
What are the prime factors of 88333?
7, 12619
List the prime factors of 17830.
2, 5, 1783
List the prime factors of 35067.
3, 11689
List the prime factors of 46315.
5, 59, 157
List the prime factors of 2904.
2, 3, 11
List the prime factors of 2769.
3, 13, 71
What are the prime factors of 4445?
5, 7, 127
What are the prime factors of 13287?
3, 43, 103
What are the prime factors of 341?
11, 31
List the prime factors of 18529.
7, 2647
List the prime factors of 9119.
11, 829
List the prime factors of 4471.
17, 263
List the prime factors of 15804.
2, 3, 439
List the prime factors of 2825.
5, 113
What are the prime factors of 14740?
2, 5, 11, 67
List the prime factors of 1746.
2, 3, 97
List the prime factors of 4077.
3, 151
What are the prime factors of 1298?
2, 11, 59
List the prime factors of 111.
3, 37
List the prime factors of 977.
977
What are the prime factors of 2408?
2, 7, 43
List the prime factors of 1470.
2, 3, 5, 7
List the prime factors of 51457.
7, 7351
List the prime factors of 806.
2, 13, 31
What are the prime factors of 3564?
2, 3, 11
What are the prime factors of 1365?
3, 5, 7, 13
What are the prime factors of 1050?
2, 3, 5, 7
What are the prime factors of 278?
2, 139
What are the prime factors of 1158?
2, 3, 193
What are the prime factors of 1559?
1559
What are the prime factors of 85063?
11, 19, 37
List the prime factors of 21611.
21611
List the prime factors of 7445.
5, 1489
What are the prime factors of 4740?
2, 3, 5, 79
What are the prime factors of 665?
5, 7, 19
What are the prime factors of 266?
2, 7, 19
List the prime factors of 77585.
5, 59, 263
List the prime factors of 167196.
2, 3, 13933
List the prime factors of 13523.
13523
What are the prime factors of 487?
487
What are the prime factors of 7467?
3, 19, 131
List the prime factors of 7516.
2, 1879
List the prime factors of 30684.
2, 3, 2557
What are the prime factors of 2192?
2, 137
List the prime factors of 21353.
131, 163
What are the prime factors of 144747?
3, 1787
What are the prime factors of 21266?
2, 7, 31
What are the prime factors of 35074?
2, 13, 19, 71
What are the prime factors of 14187?
3, 4729
List the prime factors of 12059.
31, 389
What are the prime factors of 1378?
2, 13, 53
List the prime factors of 65068.
2, 16267
What are the prime factors of 116490?
2, 3, 5, 11, 353
List the prime factors of 1535.
5, 307
What are the prime factors of 3710?
2, 5, 7, 53
List the prime factors of 1456.
2, 7, 13
List the prime factors of 15732.
2, 3, 19, 23
List the prime factors of 4035.
3, 5, 269
List the prime factors of 4681.
31, 151
What are the prime factors of 1557?
3, 173
List the prime factors of 70819.
7, 67, 151
List the prime factors of 21875.
5, 7
What are the prime factors of 16429?
7, 2347
What are the prime factors of 6879?
3, 2293
What are the prime factors of 9185?
5, 11, 167
What are the prime factors of 768?
2, 3
What are the prime factors of 11241?
3, 1249
List the prime factors of 1358.
2, 7, 97
What are the prime factors of 51278?
2, 25639
What are the prime factors of 6448?
2, 13, 31
What are the prime factors of 21723?
3, 13, 557
List the prime factors of 1012.
2, 11, 23
What are the prime factors of 113601?
3, 19, 1993
What are the prime factors of 27173?
29, 937
List the prime factors of 1125.
3, 5
List the prime factors of 26801.
26801
List the prime factors of 1892.
2, 11, 43
What are the prime factors of 355?
5, 71
What are the prime factors of 2064?
2, 3, 43
List the prime factors of 2786.
2, 7, 199
List the prime factors of 983.
983
List the prime factors of 14712.
2, 3, 613
What are the prime factors of 471?
3, 157
